) - (-10 - -2). Suppose 0 = q + 3*z + 14, 0 = 5*q + 2*z + 26 - l. What is n(q)?
0
Let n(w) = w + 1. Let r(p) = 12*p + 90. Let t be r(-8). Give n(t).
-5
Let x(q) = 3 - 4*q + 5*q - 7 + 5. What is x(-4)?
-3
Let d(g) = g - 13. Let n be d(8). Let h(f) = -1 - f + 2 + 1 - f. Give h(n).
12
Let t = -10/11 + 51/44. Let x(g) be the first derivative of -1/2*g**2 - 4/3*g**3 + 1 - t*g**4 + 3*g. Determine x(-3).
-3
Let b = 0 + 6. Let v(y) = -y**2 - 5*y - 3. Let c(h) = -5*h**2 - 20*h - 11. Let p(s) = -2*c(s) + 9*v(s). Let m be p(b). Let z(a) = 10*a**2 - a. Calculate z(m).
9
Let c(s) = -s. Let q(m) = -2*m. Let p(n) = 2*c(n) - 2*q(n). Suppose -13 = -3*l - 1. Suppose 3 = -4*v + 3*a, 3*v - 4*a + l = -7. Give p(v).
6
Suppose -3*h + 2*j + 27 = -j, 4*h = 2*j + 34. Suppose -2*v = -3*n - 6, -2*v + h = -4*n - 3*v. Let r(b) = 7*b + 2. Give r(n).
-12
Let f(l) = 9*l - 7*l**3 + 10 + 6*l**3 - 43*l**2 + 37*l**2. Determine f(-7).
-4
Let v(b) be the first derivative of 2*b**3/3 + b**2 - 2*b - 1. Let c(f) = -10*f**2 + 13*f**2 - 3 + 2*f - 1 + 2*f. Let j(n) = -3*c(n) + 5*v(n). Calculate j(2).
2
Suppose -3*f + w - 9 = 0, -4*f - 7 = -3*w + 5. Let j(c) = 2*c**2 + 4*c + 1. What is j(f)?
7
Let l(v) = v**3 + 5*v**2 + 3*v - 5. Let f be l(-4). Let b(x) = x**2 + x - 1. Calculate b(f).
-1
Let r(i) = -i**2 + 4*i + 5. Let u be -6*1*2/(-4). Suppose -5*c - 5 = 2*o, 2*c = -3 - u. Calculate r(o).
0
Let s = 5 - 6. Let y(l) be the third derivative of 7*l**5/60 + l**4/24 - l**2. Calculate y(s).
6
Let a(j) be the first derivative of j**2/2 + 3*j + 4. Suppose -3*s + 13 = -3*r - 7*s, 0 = 5*s + 20. Let c = -2 - r. Determine a(c).
0
Let d(s) = -s + 1. Let y(p) = -p - 4. Let l(o) = -4*d(o) - y(o). Give l(-2).
-10
Let s(k) = 2*k**3 + k**2 + 2*k + 2. Let p(q) = -8*q**2 + 1. Let z be p(-1). Let m = -9 - z. What is s(m)?
-14
Let c(v) = -v**2 + 2*v + 16. Let j be c(5). Let w(s) = -7*s + 1. Calculate w(j).
-6
Let a(l) = l**2 - 4*l - 1. Let b be 5*-2*((-18)/4 + 4). Give a(b).
4
Let h(o) = -o**2 - 5*o + 7. Let z = -39 - -33. Determine h(z).
1
Suppose -4*r - 2 = -2*r. Let h = -4 + r. Let g(q) = -q - 6. Calculate g(h).
-1
Let n(q) = 4*q - 3*q + 2*q**2 + 0*q**2 - 4*q**2. Let s(o) = 5*o**2 - 2*o. Let m(t) = -11*n(t) - 6*s(t). Determine m(1).
-7
Let z(c) be the third derivative of -c**4/24 + c**3/3 - 2*c**2. Let h be 69/9 - 5/((-45)/(-6)). Determine z(h).
-5
Let d be (-2)/(-3) + (-6)/9. Suppose 3*y + w - 4 = 0, -w + 0 = -3*y - 4. Let z = d + y. Let f(v) = -v**3 - v**2 + v - 9. What is f(z)?
-9
Let f = 4 + -10. Let d(b) = 7*b**3 - 11*b**2 - 9*b + 7. Let q(x) = 8*x**3 - 12*x**2 - 10*x + 8. Let l(o) = f*q(o) + 7*d(o). What is l(5)?
-14
Let g(a) = a + 2. Let f = 1 + 2. Let r be ((-30)/(-9))/((-2)/f). Calculate g(r).
-3
Let g(z) = z**3 + 2*z**2 - 2*z + 4. Let y be g(-3). Let s(j) = j**3. Let c(v) = -11*v**3 + 2*v**2 - 2*v + 1. Let i(h) = y*c(h) + 3*s(h). What is i(1)?
-7
Let x(w) = -w**3 + 2*w**2 - 3*w. Let l be 35/28 - (-3)/4. Determine x(l).
-6
Let b(h) = 4*h**2 + 3*h. Let f(t) = t**2 + t + 1. Let m(j) = b(j) - 2*f(j). Give m(-2).
4
Let y(v) = 3 - 6*v**2 + 4*v + v**3 + v - 2. Let l = -18 + 22. Suppose o = 3*g - 17, l*o = -o - 10. Give y(g).
1
Suppose 10*t - 17*t + 35 = 0. Let r(p) = p**2 - 5*p - 2. Calculate r(t).
-2
Let t = 8 - 13. Let p(j) = -j**2 - 5*j + 6. Calculate p(t).
6
Let a(d) = -d**2 - 10*d - 6. Let f(p) = 2*p**2 + 19*p + 12. Let o(m) = -5*a(m) - 3*f(m). Determine o(-5).
4
Suppose 14 = 3*t - 22. Suppose -n + 3*n = t. Let k be (-4)/(-6) - (-2)/n. Let d(x) = 8*x - 1. What is d(k)?
7
Suppose -5*c + 0*k - 4*k - 42 = 0, 0 = -c + 4*k + 6. Let a(q) = -1456*q**2 + q + 1457*q**2 + 7*q + 6. Calculate a(c).
-6
Let k(d) = -d + 8. Suppose -23 = -3*z + 5*u + 5, 2*z - u - 14 = 0. What is k(z)?
2
Let v(y) = 1543*y - 8*y**2 + 0*y**3 + y**3 - 1538*y. Calculate v(7).
-14
Let t(s) be the second derivative of -s**4/6 - s**3 + 7*s**2/2 - s. Give t(-5).
-13
Let u(j) = j**2 - j**2 + j + j**2 + 0*j**2 - 4. Suppose 0 = 4*q - 9*q - 20. What is u(q)?
8
Let z(x) = x**2 - 4. Let s(k) = -k**3 - 5*k**2 - 3*k. Let l be s(-4). Calculate z(l).
12
Let n(k) be the third derivative of k**4/24 - 2*k**3/3 - 19*k**2. Determine n(0).
-4
Let n(s) be the second derivative of -2*s**3/3 + 7*s - 11. Let b = 1 - 2. Let i = 0 + b. Determine n(i).
4
Let c(d) = d**2 + 7*d + 6. Let y(b) = -b**2 - b + 5. Let w be y(-4). What is c(w)?
6
Let i(j) = -j**3 + j**2. Let w(x) = -x**3 + x**2 + 5*x - 5. Let g be w(2). Determine i(g).
0
Let f(u) = u**3 - 6*u**2 + 3*u + 4. Let q be (-4)/(24/18 - 2). Calculate f(q).
22
Let o(b) = b + 2. Suppose 0 = 4*u - 16, 2*y + 14 = 5*u - 0*u. Suppose -m = 1, 0 = -3*c - 0*c + y*m - 12. Give o(c).
-3
Let k(q) = 8*q - 1. Let t(x) be the second derivative of 1/6*x**4 + 1/20*x**5 - 2*x + 0 + 0*x**3 + 0*x**2. Let p be t(-1). Give k(p).
7
Let k(b) = b - 2*b**2 + b**3 - 733 + 0*b**3 + 735. Let r(a) = a**3 - 2*a**2 + 2*a - 2. Let s be r(2). Give k(s).
4
Let q be 602/(-77) + 4/(-22). Let y = 14 + q. Let z(l) = 2*l - l + 4 - 6. Calculate z(y).
4
Let y(q) be the second derivative of -q**3/3 + 3*q**2 - 7*q. Calculate y(5).
-4
Let j = -10 - -10. Suppose c - 7 = -j*c. Let v(x) = -3*x + 7. Let p(b) = -5*b + 14. Let h(q) = c*v(q) - 4*p(q). Calculate h(0).
-7
Let o = 7 + -5. Let q(t) = t**3 - 1. What is q(o)?
7
Let a(d) = 1 - 2*d + 4*d**3 + d**3 + 0*d**3. Let b be 0 + 2/3 + (-2)/(-6). Calculate a(b).
4
Let g(b) = b + 3. Let y be 1 + 12/((-4)/(-1)). What is g(y)?
7
Let s be 2 + (-2 - 1) + 3. Let a = s - 0. Let p(t) = -1 - 3*t**a + 4*t + t + 4*t**2. Determine p(-5).
-1
Let u(c) = 2*c**2 + c - 2. Let p = -1 + 3. Give u(p).
8
Let j(t) = 3*t**2 + 2*t + 2*t**3 + t**3 - 9*t - 5 - 2*t**3. What is j(-4)?
7
Let i(x) = -x + 0*x - 345 + 351. Let c(h) = -2*h + 13. Suppose -5*t + 10 = 2*s, -3*s + 2*s - 2*t = -3. Let d(g) = s*i(g) + 2*c(g). Calculate d(4).
0
Let g(i) = -i**3 + 9*i**2 - 8*i + 5. Let h be g(8). Let u be ((-1)/2)/((-5)/20). Let v(b) = -3*b**2 - b - 2 - 2*b + 2*b**u + 2*b**2. Determine v(h).
8
Let j(m) = m**3 + 4*m**2 - 4. Let t(b) = b - 13. Let r be t(10). Determine j(r).
5
Suppose 4*n = 5 + 11. Suppose d - 3*d = 4*f - n, -2*f - 6 = 3*d. Let w(r) = -r**2 - 3*r - 2. Calculate w(d).
-6
Let k(g) = g**2 - 2*g + 2. Let m be 64*(1 + 2/(-4)). Suppose 4*i = -m + 8. Let q(b) = -b. Let y(a) = i*q(a) + k(a). What is y(-4)?
2
Let a(u) = -u**2 + 4*u + 4. Let f(j) be the third derivative of -j**4/12 - j**3/3 - 4*j**2. Let k be f(-4). What is a(k)?
-8
Let c(s) = -s**2 + 7*s - 4. Suppose 2*w + 28 = -0*w. Let g = -9 - w. Determine c(g).
6
Let c(t) be the third derivative of -t**5/60 + t**4/8 - 5*t**3/6 - 2*t**2. Let s be (24/(-15))/((-4)/10). Suppose s*y - 3 = -15, q = y + 7. Determine c(q).
-9
Let a(t) = -2*t**3 + 18 - t + 3*t**3 + 0*t - 2*t**3. Calculate a(0).
18
Let i(u) = 3*u**2 - 5*u + 5. Let d(k) = k**2 - k + 1. Let v(j) = 6*d(j) - i(j). Give v(2).
11
Let i(u) = 5 + 1 + u + u**3 - 4. Suppose 0*w - 5*w - 100 = 0. Let g = w - -20. Give i(g).
2
Let d(x) = x**3 + 7*x**2 + 7*x + 6. Let c be d(-6). Suppose 5*a + 5*i = c, 4*i - 14 = 2*a + a. Let t(b) = -4*b - 3. Determine t(a).
5
Suppose 5*i - 2*y + 10 = 32, -9 = -2*i + y. Let j(g) = -2*g**2 + 2*g**2 - g**2 + i*g + 4. Let d = 4 - -1. Determine j(d).
-1
Let k(j) = j + 2. Let v be k(-7). Let a(c) = -c**3 - 4*c**2 + 3*c - 4. Let r be a(v). Suppose 5 = -r*l + l. Let o(x) = -5*x**3 + 1. Calculate o(l).
6
Let w(i) = -2 + i + 5*i - 5*i. Determine w(-4).
-6
Let m = -2 - -16. Suppose -5*v - 34 = -m. Let c(l) = -l. Let x(w) = -4*w + 2. Let z(a) = 3*c(a) - x(a). What is z(v)?
-6
Suppose 3*n + 2*n = 0. Suppose n = -3*v - 15, -4*u - 2*v - 24 = -2. Let d(o) = o**2 + 3*o + 4. Calculate d(u).
4
Let v(o) = -3*o - 9. Let g be v(-7). Suppose -2*z = 2*y, 4*z - g = 2*y - 0*y. Let h(f) = -f**2 - f. Give h(y).
-2
Suppose -45 = a - 6*a. Let p = a - 13. Let s(z) = z. Determine s(p).
-4
Suppose 7 = 3*a - 2. Let p(s) = -s + s**2 + 4*s + s - 1 - a*s. Calculate p(1).
1
Let z(r) = r**3 + 5*r**2 + 6*r + 5. Let o be z(-4). Let j(y) = -y**2 - 4*y - 2. Determine j(o).
1
Let z(p) = 9 + 4*p - 8 - 2*p + 4*p**2. Let c(v) = v**2 + 13*v + 15. Let m be c(-12). Let f = m + -4. Give z(f).
3
Let u(p) = p**3 - p**2 + p - 2. Suppose 2*y - 2 = 16. Let g = y - 6. Suppose -g*v - 2*t + 4 = 0, 4*v - 2*v - 2*t = 6. Calculate u(v).
4
Let h(q) = 2*q**2 - 8*q - 9. Let m(